 is the tens digit of o?
2
Let u(a) = 2*a**2 - 6*a. Let d be u(-2). Let r = d + 169. What is the units digit of r?
9
Suppose 3*f - 5 - 4 = 0. Suppose 82 = 2*h - 2*x, 6 + 6 = -f*x. What is the units digit of h?
7
Let o = 412 - -55. What is the hundreds digit of o?
4
Let f = 194 + -72. What is the hundreds digit of f?
1
Suppose -10*k = -8*k - 6. Suppose 13 = c + k*c + t, 2*t + 26 = 5*c. What is the units digit of (-21)/14*c/(-3)?
2
Let t be 2/2 - (-3 + -7). Suppose t*v = 9*v. Suppose v*p + 183 = 3*p. What is the tens digit of p?
6
Let f be 28/8 - 2/4 - 6. What is the tens digit of (-4 - f)/(2/2) + 81?
8
Suppose 1974 = w - 3*a, -90*a - 7868 = -4*w - 85*a. What is the units digit of w?
2
Let o(x) = -3*x. Let q = -50 - -48. What is the units digit of o(q)?
6
Let s = -5298 - -11009. What is the tens digit of s?
1
Suppose 0 = 4*f - f + 6. What is the tens digit of (-24)/(f/12 - 6/108)?
0
Suppose 2916 = 3*i + 34*s - 30*s, 0 = -i - 3*s + 972. What is the units digit of i?
2
Suppose 0 = -5*h - 14 - 6. What is the tens digit of (82/h)/(3/(-24))?
6
What is the hundreds digit of -1 + 3 - (-535 + -31)?
5
Let j(b) = -19*b**2 + 7*b - 1. Let m(v) = -96*v**2 + 36*v - 4. Let f(u) = -16*j(u) + 3*m(u). What is the tens digit of f(2)?
6
Suppose 9*t - 4*t - 90 = 0. Let m(y) = -5*y + 4*y - 4 + 8*y + t*y. What is the units digit of m(2)?
6
Suppose -2*q = -16*q + 7602. What is the units digit of q?
3
Let d(r) = -r**3 + 6*r**2 + 3*r - 6. Let g be (-120)/(-9) + (-4)/(-6). Suppose 4 = 3*q - g. What is the tens digit of d(q)?
1
Let h(b) = -2*b + 12. Let t be h(7). What is the tens digit of 6 + 62 + 4/(4/t)?
6
Let s(o) = o - 4. Let a = 2 - -4. Let q be s(a). Suppose 53 = -0*v + q*v - w, -4*w = 4*v - 112. What is the tens digit of v?
2
Suppose 3*o + 2*n + n = -318, -4*n = -4*o - 448. Let t = -154 - o. Let d = -24 - t. What is the units digit of d?
1
Let l(w) = 91*w**3 - 4*w**2 + 7*w - 6. What is the tens digit of l(2)?
2
What is the tens digit of 10/(-95) + (-29988)/(-57)?
2
Suppose b = 3*v - 3234, -5*b = -14 - 1. What is the thousands digit of v?
1
Let l(z) = 23*z + 71. What is the tens digit of l(25)?
4
Suppose 3*q = 4*h - 60, -3*h - 32 = -7*h - 4*q. Let y = h - 9. Suppose 0 = -y*r + 34 + 20. What is the tens digit of r?
1
Let i(z) be the third derivative of -23*z**4/8 + z**3/2 + 7*z**2. What is the tens digit of i(-2)?
4
What is the thousands digit of 1074 - (7 - (8 + (-4)/1))?
1
Let j = 42 + -16. Suppose 2*q + j = -4*x, 0*x + 50 = -5*q - 5*x. What is the units digit of 23 + -1 - (q - -9)?
0
Let p = -110 - -116. What is the hundreds digit of (-4)/6*(-2043)/p?
2
Let z be 1 + -1 + (-10 - -13). Let r = -43 + 55. Suppose 2*m - 6*m - r = 0, 5*m - 57 = -z*i. What is the units digit of i?
4
What is the hundreds digit of 15822/(-4)*(-12 + (-340)/(-30))?
6
Let r(l) = 67*l - 37. What is the tens digit of r(20)?
0
Suppose 5*p - j + 337 = 0, -3*p + 3*j - 161 - 46 = 0. Let n = 149 + p. What is the tens digit of n?
8
Let v = 10 + -15. Let a(u) = u**3 + 7*u**2 + 4*u - 3. Let m be a(v). Let r = m + -2. What is the units digit of r?
5
Let k(r) = -r**2 + 2*r + 117. What is the tens digit of k(0)?
1
Suppose 17*j - 42*j + 75950 = 0. What is the tens digit of j?
3
Let g = 4326 - 2360. What is the thousands digit of g?
1
Suppose 7*v - 2*v - 20 = 0. Suppose -v*s = 5*r - 0*r + 23, 0 = -2*r - 6. What is the tens digit of (-133)/(-14)*(-8)/s?
3
Suppose -10*l + 8*l + 380 = -2*b, 2*l = -b + 380. What is the hundreds digit of l?
1
Let q(p) = -p**3 + 14*p**2 - 11*p - 18. Let x be q(13). What is the hundreds digit of 102 - 0 - (x - 6)?
1
Let r(o) = -35*o + 15. Let y(q) = 5*q - 2. Let c(f) = -3*r(f) - 20*y(f). Let g be c(2). Suppose -15 = g*k - 70. What is the tens digit of k?
1
Suppose -4*o = -0*f - 3*f + 2568, -3*f - 5*o + 2568 = 0. What is the units digit of f?
6
Suppose 0 = -5*w - 3*s + 5, -2*s - 2*s - 32 = -3*w. Suppose 1019 = 5*b + c, -488 = w*b - 4*c - 1308. What is the tens digit of b?
0
Suppose -2*i + 5*i - 424 = 4*a, -4*a + i - 424 = 0. Let s = a - -220. What is the tens digit of s?
1
Suppose -5*b + 1920 = -35. What is the hundreds digit of b?
3
Let h(z) be the third derivative of z**6/60 + 3*z**5/20 - z**4/8 - z**3/3 + 3*z**2 + 4. What is the units digit of h(4)?
8
Suppose -3878 = -27*g + 3034. What is the hundreds digit of g?
2
Suppose 3*n + 261 = 6*n. Suppose -n = -5*q + 88. What is the tens digit of q?
3
Suppose -26 = -4*z - 78. Let s(p) = -4*p + 10. Let n be s(z). Let f = n + -27. What is the units digit of f?
5
Let i(z) = z**3 - z**2 - 2*z + 5. Let g be -2 - 4/(-4) - -1. Let y be i(g). Suppose -95 - 85 = -y*s. What is the units digit of s?
6
Let r = -1461 - -2155. What is the units digit of r?
4
Suppose 2*f - 4613 = -5*c, 2*c + 5993 = 2*f + 1345. What is the tens digit of f?
1
Let g(h) = h - 4. Let f be g(-3). Let u(i) = i**3 + 8*i**2 + 4*i - 12. What is the units digit of u(f)?
9
Suppose -a - 252 = -4*b, -a - a = -4*b + 252. Let o = b + -4. What is the tens digit of o?
5
Suppose 9 = 7*v - 6*v. Let f = -11 + v. What is the tens digit of 1 + 35*f/(-2)?
3
Suppose 3*s + s - 16924 = 3*l, 0 = 2*l. What is the units digit of s?
1
Let l be ((-56)/(-12))/(2/(-6)). Let v be 147/l + 3/6. Let h = v - -26. What is the tens digit of h?
1
Let f = 551 - 302. What is the tens digit of f?
4
Let o = 1199 - 656. Suppose -2*p + o = -4*r + 173, 2*p = 5*r + 465. What is the tens digit of (-2)/15*3*r?
3
Let s = -4 - -18. Let h(u) = -u + 14. Let n be h(s). What is the units digit of (-1)/(n + 4/(-28))?
7
Let q(v) be the first derivative of -v + 1/2*v**2 + 13*v**3 + 1. What is the tens digit of q(1)?
3
Let z = -793 + 497. Let l = -163 - z. What is the hundreds digit of l?
1
Let f = -17 - 22. Let z = f + 55. What is the tens digit of z?
1
Suppose -20 = -4*o + 9*o. What is the units digit of o/(-6)*-3 - -46?
4
Suppose -5*n = -307 + 237. Let t be ((-2)/(-3))/(2/30). Let b = n + t. What is the units digit of b?
4
Suppose 0 = b - 2, 0 = 3*r - b + 105 - 367. Let d(i) = -3*i - 5. Let t be d(-3). Suppose 0*c = -t*c + r. What is the units digit of c?
2
Let g be (-30)/195 + (-1954)/(-26). Let s = g + -74. What is the units digit of s?
1
Let w = 177 - 367. Let r(f) = 48*f + 22. Let a be r(-6). Let l = w - a. What is the tens digit of l?
7
Let j be 4/(-6) - 126/(-27). Let o = 105 + -71. Let s = o - j. What is the tens digit of s?
3
Let o(b) = b**2 - 14*b + 12. Let h be o(17). Let v = h - -5. Let t = v - 36. What is the tens digit of t?
3
Suppose -h = i - 281, -2*i + 7*i - 1405 = -h. What is the hundreds digit of i?
2
Let d be 135/60 - 1/4. Suppose f = -3*y - d*f - 3, -5*y = -5*f - 15. Suppose -5 = -n + y. What is the units digit of n?
6
Suppose -5*u - 2*f + 6 = -36, -u + 2*f + 6 = 0. Let v(t) = t**3 - 7*t**2 - 6*t + 3. Let i be v(u). Suppose -3*z = -i - 14. What is the tens digit of z?
1
Suppose 5*g - 1 = 6*g. Let q = -7 - g. What is the tens digit of (-150)/(-2)*(-2)/q?
2
Let y(z) = 2*z + 10. Let p be y(-5). Suppose o + 14 = -3*r, p = -2*o + 3*r - 1 - 18. Let c = -1 - o. What is the tens digit of c?
1
Let h(j) = -j**2 + 5*j + 7. Let s = -23 + 18. Let r(q) = q**2 + 6*q + 10. Let i be r(s). What is the units digit of h(i)?
7
Suppose 20*q = 21*q - 16. What is the tens digit of q?
1
Let o(u) be the first derivative of 4*u**3/3 - 2*u**2 - 3*u + 4. Let g(z) = -z**3 + z**2 + 2*z - 2. Let d be g(2). What is the units digit of o(d)?
1
Let s(f) = -18 - 149*f - 11 + 165*f. What is the tens digit of s(10)?
3
Suppose 11*g - 21 = 4*g. Suppose 2*f - g*h - 90 = 0, 0 = -5*f + 2*h - 3*h + 259. What is the units digit of f?
1
Let f = 5171 + -2878. What is the thousands digit of f?
2
Let v be (-6)/(-15) - 1/(5/(-398)). Let s(w) = -w**2 + w + 9. Let f be s(0). Suppose -11*p = -f*p - v. What is the tens digit of p?
4
Let y be 1 - (3 - 4 - 2). Let g be 21/14 + (-130)/y. Let o = g - -52. What is the tens digit of o?
2
Let j(q) = q**3 - 7*q**2 + 14*q - 27. What is the units digit of j(7)?
1
Let s(i) = 181*i - 623. What is the units digit of s(19)?
6
Suppose -10*f - 39*f + 208397 = 0. What is the thousands digit of f?
4
Suppose -2*h - 2560 = -2*c, 20 = h - 6*h. What is the units digit of c?
6
Suppose -4*c + 7*c = -87. Let t = 24 - c. What is the units digit of t?
3
Let u = 9 - 3. Suppose 3*y + 722 = -6*i + 2*i, -5*y - 3*i = 1185. What is the u